                                                                                                                                                                                                                                                                                                                                                                                                                                                                                                                                                                                                                                                                                                                                                                                                                                                                                  {"id":408,"date":"2018-05-13T15:28:15","date_gmt":"2018-05-13T18:28:15","guid":{"rendered":"http:\/\/demos.filathemes.com\/education-lms-pro\/?page_id=408"},"modified":"2021-05-05T19:13:37","modified_gmt":"2021-05-05T22:13:37","slug":"empresa","status":"publish","type":"page","link":"https:\/\/enerfe.nestorcarvallo.com\/index.php\/empresa\/","title":{"rendered":"La Empresa"},"content":{"rendered":"\t\t<div data-elementor-type=\"wp-post\" data-elementor-id=\"408\" class=\"elementor elementor-408\" data-elementor-settings=\"[]\">\n\t\t\t\t\t\t<div class=\"elementor-inner\">\n\t\t\t\t\t\t\t<div class=\"elementor-section-wrap\">\n\t\t\t\t\t\t\t<section class=\"elementor-section elementor-top-section elementor-element elementor-element-38c33d5 elementor-section-boxed elementor-section-height-default elementor-section-height-default\" data-id=\"38c33d5\" data-element_type=\"section\">\n\t\t\t\t\t\t<div class=\"elementor-container elementor-column-gap-default\">\n\t\t\t\t\t\t\t<div class=\"elementor-row\">\n\t\t\t\t\t<div class=\"elementor-column elementor-col-100 elementor-top-column elementor-element elementor-element-df42ed2\" data-id=\"df42ed2\" data-element_type=\"column\">\n\t\t\t<div class=\"elementor-column-wrap elementor-element-populated\">\n\t\t\t\t\t\t\t<div class=\"elementor-widget-wrap\">\n\t\t\t\t\t\t<div class=\"elementor-element elementor-element-44842b6 elementor-widget elementor-widget-heading\" data-id=\"44842b6\" data-element_type=\"widget\" data-widget_type=\"heading.default\">\n\t\t\t\t<div class=\"elementor-widget-container\">\n\t\t\t<h2 class=\"elementor-heading-title elementor-size-default\">Santa Fe Gas y Energ\u00edas Renovables<\/h2>\t\t<\/div>\n\t\t\t\t<\/div>\n\t\t\t\t<section class=\"elementor-section elementor-inner-section elementor-element elementor-element-d16cca6 elementor-section-boxed elementor-section-height-default elementor-section-height-default\" data-id=\"d16cca6\" data-element_type=\"section\">\n\t\t\t\t\t\t<div class=\"elementor-container elementor-column-gap-default\">\n\t\t\t\t\t\t\t<div class=\"elementor-row\">\n\t\t\t\t\t<div class=\"elementor-column elementor-col-66 elementor-inner-column elementor-element elementor-element-e2f4fbd\" data-id=\"e2f4fbd\" data-element_type=\"column\">\n\t\t\t<div class=\"elementor-column-wrap elementor-element-populated\">\n\t\t\t\t\t\t\t<div class=\"elementor-widget-wrap\">\n\t\t\t\t\t\t<div class=\"elementor-element elementor-element-5fc4184 elementor-widget elementor-widget-text-editor\" data-id=\"5fc4184\" data-element_type=\"widget\" data-widget_type=\"text-editor.default\">\n\t\t\t\t<div class=\"elementor-widget-container\">\n\t\t\t\t\t<div class=\"elementor-text-editor elementor-clearfix\"><p style=\"font-size: 18px;\"><span style=\"font-weight: bolder;\">ENERFE SAPEM es una herramienta para contribuir al desarrollo gas\u00edfero y el crecimiento social-productivo e industrial de la provincia y la generaci\u00f3n de energ\u00edas renovables.<\/span><\/p><p style=\"font-size: 18px;\">Es una empresa con participaci\u00f3n estatal mayoritaria donde est\u00e1n representados los municipios y comunas de la provincia, cooperativas y federaciones cooperativas de subdistribuci\u00f3n de gas y\/o energ\u00edas renovables, asociaciones civiles sin fines de lucro que nucleen a entidades productivas o industriales, c\u00e1maras empresariales del rubro del gas por redes y energ\u00edas renovables y personas jur\u00eddicas privadas.<\/p><\/div>\n\t\t\t\t<\/div>\n\t\t\t\t<\/div>\n\t\t\t\t\t\t<\/div>\n\t\t\t\t\t<\/div>\n\t\t<\/div>\n\t\t\t\t<div class=\"elementor-column elementor-col-33 elementor-inner-column elementor-element elementor-element-9919d55\" data-id=\"9919d55\" data-element_type=\"column\">\n\t\t\t<div class=\"elementor-column-wrap elementor-element-populated\">\n\t\t\t\t\t\t\t<div class=\"elementor-widget-wrap\">\n\t\t\t\t\t\t<div class=\"elementor-element elementor-element-0a9bf15 elementor-widget elementor-widget-text-editor\" data-id=\"0a9bf15\" data-element_type=\"widget\" data-widget_type=\"text-editor.default\">\n\t\t\t\t<div class=\"elementor-widget-container\">\n\t\t\t\t\t<div class=\"elementor-text-editor elementor-clearfix\"><p><span style=\"font-size: 18px;\"><img loading=\"lazy\" class=\"aligncenter wp-image-1236 size-large\" src=\"http:\/\/enerfe.nestorcarvallo.com\/wp-content\/uploads\/2021\/03\/Ampliacio\u0301n-del-Gasoducto-Regional-Sur-06-1024x1024.jpg\" alt=\"\" width=\"640\" height=\"640\" srcset=\"https:\/\/enerfe.nestorcarvallo.com\/wp-content\/uploads\/2021\/03\/Ampliacio\u0301n-del-Gasoducto-Regional-Sur-06-1024x1024.jpg 1024w, https:\/\/enerfe.nestorcarvallo.com\/wp-content\/uploads\/2021\/03\/Ampliacio\u0301n-del-Gasoducto-Regional-Sur-06-300x300.jpg 300w, https:\/\/enerfe.nestorcarvallo.com\/wp-content\/uploads\/2021\/03\/Ampliacio\u0301n-del-Gasoducto-Regional-Sur-06-150x150.jpg 150w, https:\/\/enerfe.nestorcarvallo.com\/wp-content\/uploads\/2021\/03\/Ampliacio\u0301n-del-Gasoducto-Regional-Sur-06-768x768.jpg 768w, https:\/\/enerfe.nestorcarvallo.com\/wp-content\/uploads\/2021\/03\/Ampliacio\u0301n-del-Gasoducto-Regional-Sur-06-1536x1536.jpg 1536w, https:\/\/enerfe.nestorcarvallo.com\/wp-content\/uploads\/2021\/03\/Ampliacio\u0301n-del-Gasoducto-Regional-Sur-06-2048x2048.jpg 2048w, https:\/\/enerfe.nestorcarvallo.com\/wp-content\/uploads\/2021\/03\/Ampliacio\u0301n-del-Gasoducto-Regional-Sur-06-450x450.jpg 450w\" sizes=\"(max-width: 640px) 100vw, 640px\" \/>ENERFE SAPEM elaborar\u00e1 los proyectos t\u00e9cnicos y ejecutar\u00e1 la construcci\u00f3n de gasoductos de proximidad y estaciones reguladoras de presi\u00f3n, planificar\u00e1 las obras urbanas junto con los gobiernos locales para que luego, cada municipio o comuna las lleve adelante y se ocupar\u00e1 del dise\u00f1o de proyectos, generaci\u00f3n, operaci\u00f3n y comercializaci\u00f3n de energ\u00edas renovables.<\/span><\/p><\/div>\n\t\t\t\t<\/div>\n\t\t\t\t<\/div>\n\t\t\t\t\t\t<\/div>\n\t\t\t\t\t<\/div>\n\t\t<\/div>\n\t\t\t\t\t\t\t\t<\/div>\n\t\t\t\t\t<\/div>\n\t\t<\/section>\n\t\t\t\t\t\t<\/div>\n\t\t\t\t\t<\/div>\n\t\t<\/div>\n\t\t\t\t\t\t\t\t<\/div>\n\t\t\t\t\t<\/div>\n\t\t<\/section>\n\t\t\t\t\t\t<\/div>\n\t\t\t\t\t\t<\/div>\n\t\t\t\t\t<\/div>\n\t\t","protected":false},"excerpt":{"rendered":"<p>Santa Fe Gas y Energ\u00edas Renovables ENERFE SAPEM es una herramienta para contribuir al desarrollo gas\u00edfero y el crecimiento social-productivo e industrial de la provincia y la generaci\u00f3n de energ\u00edas renovables. Es una empresa con participaci\u00f3n estatal mayoritaria donde est\u00e1n representados los municipios y comunas de la provincia, cooperativas y&hellip;<\/p>\n","protected":false},"author":1,"featured_media":0,"parent":0,"menu_order":0,"comment_status":"closed","ping_status":"closed","template":"elementor_header_footer","meta":[],"_links":{"self":[{"href":"https:\/\/enerfe.nestorcarvallo.com\/index.php\/wp-json\/wp\/v2\/pages\/408"}],"collection":[{"href":"https:\/\/enerfe.nestorcarvallo.com\/index.php\/wp-json\/wp\/v2\/pages"}],"about":[{"href":"https:\/\/enerfe.nestorcarvallo.com\/index.php\/wp-json\/wp\/v2\/types\/page"}],"author":[{"embeddable":true,"href":"https:\/\/enerfe.nestorcarvallo.com\/index.php\/wp-json\/wp\/v2\/users\/1"}],"replies":[{"embeddable":true,"href":"https:\/\/enerfe.nestorcarvallo.com\/index.php\/wp-json\/wp\/v2\/comments?post=408"}],"version-history":[{"count":22,"href":"https:\/\/enerfe.nestorcarvallo.com\/index.php\/wp-json\/wp\/v2\/pages\/408\/revisions"}],"predecessor-version":[{"id":2115,"href":"https:\/\/enerfe.nestorcarvallo.com\/index.php\/wp-json\/wp\/v2\/pages\/408\/revisions\/2115"}],"wp:attachment":[{"href":"https:\/\/enerfe.nestorcarvallo.com\/index.php\/wp-json\/wp\/v2\/media?parent=408"}],"curies":[{"name":"wp","href":"https:\/\/api.w.org\/{rel}","templated":true}]}}